nd 36166.
2782
Calculate the highest common divisor of 160 and 69440.
160
Calculate the highest common divisor of 69100 and 1600.
100
What is the highest common divisor of 1135582 and 14?
14
Calculate the greatest common divisor of 79588 and 17574.
202
What is the greatest common divisor of 13609342 and 1138?
1138
Calculate the highest common factor of 432 and 25072.
16
What is the greatest common divisor of 21868 and 669956?
1988
Calculate the highest common factor of 2115 and 22278.
141
Calculate the highest common divisor of 21631 and 5820.
97
What is the highest common divisor of 31717 and 230?
23
Calculate the greatest common divisor of 5760 and 3330.
90
What is the greatest common divisor of 26640 and 135?
45
Calculate the highest common divisor of 66 and 383658.
66
Calculate the highest common divisor of 10 and 141770.
10
Calculate the highest common factor of 1064 and 280.
56
What is the greatest common divisor of 4218 and 29193?
111
Calculate the greatest common factor of 2 and 1609240.
2
Calculate the greatest common divisor of 15176 and 644.
28
Calculate the greatest common factor of 1683 and 4401.
9
What is the highest common factor of 8 and 12048592?
8
Calculate the highest common factor of 6174 and 490.
98
What is the highest common factor of 15 and 4881?
3
Calculate the greatest common factor of 3230 and 4114.
34
Calculate the greatest common factor of 3470568 and 1312.
328
Calculate the highest common factor of 13450 and 10222.
538
What is the greatest common factor of 1973529 and 1?
1
What is the greatest common factor of 33 and 14641?
11
Calculate the greatest common divisor of 528 and 121176.
264
What is the highest common factor of 9113831 and 146?
73
What is the highest common divisor of 384288 and 96?
96
What is the highest common factor of 99162 and 720?
18
What is the highest common factor of 1617 and 1056?
33
What is the highest common factor of 57418 and 1178?
38
What is the highest common factor of 200 and 876300?
100
Calculate the greatest common divisor of 980518 and 154.
154
Calculate the greatest common divisor of 137571 and 1323.
21
What is the greatest common divisor of 625779 and 3?
3
What is the highest common divisor of 382943 and 341?
341
Calculate the greatest common divisor of 27669 and 1.
1
What is the greatest common divisor of 6192 and 112?
16
What is the highest common divisor of 140 and 180560?
20
Calculate the greatest common divisor of 14868 and 252.
252
What is the highest common divisor of 260 and 44512?
52
What is the greatest common factor of 112220 and 155?
155
Calculate the greatest common divisor of 799505 and 70.
35
Calculate the highest common divisor of 8583 and 3.
3
Calculate the highest common factor of 196 and 2303.
49
What is the greatest common divisor of 987654 and 582?
582
Calculate the highest common factor of 255824 and 4720.
944
Calculate the greatest common divisor of 1229032 and 168.
56
Calculate the greatest common divisor of 10240 and 1760.
160
Calculate the greatest common factor of 7130 and 5270.
310
Calculate the greatest common factor of 184 and 910478.
46
Calculate the greatest common divisor of 37211 and 879.
293
Calculate the greatest common factor of 1551 and 66.
33
Calculate the highest common divisor of 44286 and 66.
66
What is the highest common factor of 81501 and 7?
7
What is the highest common divisor of 49938 and 418992?
1218
Calculate the greatest common factor of 427 and 3892.
7
What is the highest common divisor of 623 and 5579?
7
What is the greatest common divisor of 348 and 353742?
174
Calculate the highest common divisor of 25016 and 3776.
472
What is the greatest common factor of 458092 and 284?
284
Calculate the highest common factor of 18 and 9081.
9
Calculate the highest common factor of 1598 and 67210.
94
Calculate the greatest common factor of 12192 and 36.
12
Calculate the highest common factor of 46991 and 32928.
343
Calculate the highest common factor of 21968 and 10528.
16
What is the greatest common divisor of 3645 and 42849?
81
Calculate the greatest common divisor of 3248 and 46592.
112
What is the highest common divisor of 115075 and 50?
25
What is the greatest common divisor of 36360 and 1160?
40
Calculate the highest common factor of 50 and 217025.
25
Calculate the greatest common factor of 500 and 659625.
125
What is the greatest common factor of 28712 and 2368?
296
Calculate the greatest common factor of 17750 and 500.
250
What is the greatest common divisor of 10934 and 896?
14
What is the greatest common divisor of 22302 and 3422?
118
Calculate the greatest common divisor of 23322 and 10569.
39
Calculate the greatest common factor of 12 and 1266924.
12
What is the highest common factor of 116390 and 1648?
206
What is the highest common factor of 5406 and 306?
102
What is the highest common divisor of 2738 and 4?
2
What is the greatest common factor of 92 and 1322?
2
What is the highest common divisor of 99 and 10899?
9
Calculate the highest common divisor of 8132 and 11556.
428
What is the highest common factor of 1125 and 2181825?
225
Calculate the highest common factor of 77360 and 40.
40
Calculate the greatest common divisor of 4012 and 414868.
68
What is the greatest common divisor of 1140 and 39140?
380
What is the highest common divisor of 99450 and 1224?
306
Calculate the greatest common factor of 17941 and 3311.
77
Calculate the greatest common divisor of 82592 and 1696.
32
What is the greatest common divisor of 6304 and 14578?
394
What is the greatest common divisor of 1716 and 140?
4
What is the highest common divisor of 63 and 877077?
9
Calculate the greatest common divisor of 513591 and 507.
507
What is the highest common divisor of 950 and 10675?
25
What is the greatest common factor of 9364 and 1348?
4
Calculate the greatest common factor of 74 and 11094894.
74
Calculate the greatest common factor of 1355266 and 286.
22
What is the greatest common factor of 35586 and 72?
18
Calculate the greatest common divisor of 117 and 131391.
117
What is the highest common divisor of 336 and 586488?
168
Calculate the highest common divisor of 303 and 1649532.
303
What is the highest common divisor of 636820 and 85?
85
Calculate the greatest common divisor of 207 and 874023.
69
Calculate the greatest common divisor of 3150 and 1400.
350
What is the highest common factor of 1026 and 600?
6
What is the highest common factor of 15 and 587715?
15
Calculate the greatest common divisor of 8 and 887568.
8
What is the highest common factor of 9 and 41571?
9
What is the greatest common divisor of 5248 and 2560?
128
What is the highest common divisor of 925184 and 3336?
1112
What is the highest common factor of 1556055 and 3020?
755
Calculate the highest common divisor of 559512 and 13906.
818
Calculate the greatest common divisor of 637 and 1426243.
637
What is the greatest common divisor of 56831 and 34?
17
Calculate the highest common factor of 632588 and 22.
22
Calculate the greatest common divisor of 93590 and 40.
10
What is the highest common factor of 19082 and 2538?
94
What is the greatest common divisor of 1280 and 25920?
320
Calculate the greatest common divisor of 6048566 and 41.
41
Calculate the greatest common factor of 550 and 154.
22
Calculate the greatest common factor of 55242 and 27.
27
What is the highest common factor of 431600 and 26?
26
What is the greatest common factor of 1467964 and 164?
164
Calculate the highest common divisor of 159921 and 9.
9
What is the highest common factor of 233 and 15883843?
233
Calculate the highest common factor of 7 and 898037.
7
Calculate the greatest common factor of 663630 and 390.
30
Calculate the highest common factor of 339038 and 2562.
854
Calculate the highest common factor of 604 and 3962844.
604
What is the greatest common divisor of 904 and 2076488?
904
What is the highest common divisor of 1692 and 1739?
47
What is the greatest common divisor of 33 and 224418?
3
What is the highest common divisor of 81246 and 99?
33
Calculate the greatest common factor of 200 and 4280.
40
Calculate the greatest common divisor of 5600 and 5404.
28
Calculate the greatest common divisor of 571772 and 2676.
892
What is the highest common divisor of 568058 and 21088?
1318
What is the highest com